. Is h a multiple of 11?
False
Let r = -306 + 74. Let b = r - -432. Is b a multiple of 40?
True
Suppose -21*q + 5376 = -7*q. Is 12 a factor of q?
True
Suppose -5*d - 799 = -2614. Does 9 divide d?
False
Let y = 179 - 60. Let k = -84 + y. Is k a multiple of 7?
True
Let g(p) = 6*p**2 - 3*p + 4. Let t(s) = -s**3 + 4*s**2 - 3*s. Let l be t(2). Is 12 a factor of g(l)?
False
Suppose 71*f - 63*f - 3552 = 0. Is 8 a factor of f?
False
Let x be (7 - 9)*(1 + -2). Is (1 - 0)*(13 - x) a multiple of 8?
False
Let t(w) = -w**3 - 9*w**2 + 13*w - 22. Let k be t(-10). Let y = k + 82. Is y a multiple of 6?
True
Let n(j) be the first derivative of 4*j**3/3 - 19*j**2/2 - 5*j + 6. Is 2 a factor of n(6)?
False
Let t = 24 - 14. Suppose 14*s - t*s = 16. Suppose 3*j + 4*d - 286 = 0, -s*j - 3*d + 167 = -205. Is j a multiple of 30?
True
Let x(h) = -3*h**3 + 2*h**2 + h - 3. Let l be x(-4). Let v = -81 + l. Does 14 divide v?
False
Suppose -174 = -2*w - 2*z, -2*z - 3*z = 2*w - 162. Is w a multiple of 4?
False
Does 22 divide (5324/(-33))/(-2*1/9)?
True
Let w(n) = 2*n**2 + 35*n + 49. Is w(14) a multiple of 21?
False
Let q(u) = u**2 + 2*u - 4. Let c be q(-4). Suppose 0 = -c*h + 3*h - 25. Let n = h - -70. Does 11 divide n?
False
Let v(h) = h**2 - 9. Let m(f) = -f**2 + 15*f - 32. Let g be m(13). Is 7 a factor of v(g)?
False
Let m(i) = -31*i + 61. Let n(f) = 15*f - 30. Let z(y) = 3*m(y) + 5*n(y). Is z(-4) a multiple of 21?
True
Suppose -31 = 5*l - 21. Let r = l - -5. Suppose 0 = -j + r*j - 28. Is j a multiple of 14?
True
Let y = -3 + 7. Suppose 173 + 3 = y*o. Is 37 a factor of o?
False
Suppose -6*j = 6*j - 2868. Is 8 a factor of j?
False
Let c be -3 - -3*104/(-12). Let n = c + 47. Is n a multiple of 7?
False
Suppose 0 = -22*h + 11234 + 2318. Is h a multiple of 38?
False
Let l(d) = d**3 + 2*d**2 - 6. Let w be l(-3). Is 8 a factor of -40*((-14)/10 - 6/w)?
True
Suppose -7 + 5 = -v. Suppose -9*b + 1176 = -v*b. Is b a multiple of 14?
True
Let n be 3/2 + 9/6. Let h be ((-3)/9)/((-1)/n). Is (3/3)/(h/38) a multiple of 10?
False
Let w be (3 - 3 - 0)/2. Let j be 420/(-4 - w) - -2. Let g = -55 - j. Is 24 a factor of g?
True
Let x(n) = -3*n + 5. Let h be x(3). Let a be (-4)/8*4 - h. Suppose -a*b = -2*r - 24, -3*b + 3*r - 100 = -8*b. Does 3 divide b?
False
Let y(x) = x**3 - x**2 + x + 3. Let g be y(3). Let p = -349 + 352. Suppose -33 = -p*n + 3*j + 45, 0 = -n + 3*j + g. Is 4 a factor of n?
False
Suppose 3*p = 3*o + 1272, -16*p + 21*p + 4*o - 2129 = 0. Is 17 a factor of p?
True
Let s be ((-417)/(-4 - -7))/(5/(-10)). Suppose -10*h - 78 + s = 0. Is h a multiple of 7?
False
Suppose 0 = -r + 5*t + 16, -20 = -2*r + 3*t - 2. Suppose -5*z = -r*z + 39. Suppose -3*s = 3*n - z, n = -2*s + 26 - 10. Does 3 divide n?
False
Let o = -262 + 333. Does 3 divide o?
False
Let n = 23 + -16. Suppose n + 15 = y. Is 10 a factor of y?
False
Let j = 168 + -165. Suppose 0 = -j*i, 4*n = -i - 28 + 1180. Does 18 divide n?
True
Let k(t) = t**3 + 3*t**2 + 3*t + 2. Let x(f) = 0 - 1 + 2 - 2. Let q(r) = -k(r) - 6*x(r). Is 32 a factor of q(-4)?
True
Is (-4)/(-5) + 7/((-70)/(-2582)) a multiple of 8?
False
Suppose 6*r - 794 = 2326. Is 52 a factor of r?
True
Does 20 divide (-3)/(6/(-20))*78?
True
Suppose 3*m - 2*m + 2 = -3*r, 4*r + 5*m + 10 = 0. Let x be 4 - 2 - -89 - r. Suppose -19 + x = 4*a. Does 13 divide a?
False
Suppose -5*p = -0*p - 15. Suppose -66 = -2*k - 5*u, -2*u + p = -1. Is 14 a factor of k?
True
Let g(p) = p**3 + 9*p**2 + 13*p - 3. Let t be g(-7). Suppose 3*m - 55 = -2*u + u, -t*u + 33 = m. Is 13 a factor of m?
False
Let k(r) = -9*r**3 + 8*r**2 + 9*r + 17. Let g(z) = -5*z**3 + 4*z**2 + 4*z + 9. Let x(i) = 7*g(i) - 4*k(i). Suppose -6*h = -16 - 20. Is 19 a factor of x(h)?
True
Suppose -29*b + 30*b + 2 = 0. Let v = 10 - b. Does 2 divide v?
True
Suppose 18*o + 2170 = 3*t + 19*o, o + 726 = t. Is 12 a factor of t?
False
Let b = 13 + -10. Let a be (220/(-6))/(b/9). Does 14 divide (6/5)/((-4)/a)?
False
Suppose 0 = 4*f - 9*f + v + 6551, 2*v - 5252 = -4*f. Is f a multiple of 19?
True
Let g(m) = 8*m + 3. Let v be g(7). Let b = v - 48. Is b a multiple of 2?
False
Let s(q) be the third derivative of q**4/6 + 2*q**2. Is 14 a factor of s(7)?
True
Let z(q) = -50*q - 108. Is 9 a factor of z(-19)?
False
Suppose -2*q + 2*g = -14, -2*q + 4*g = -q - 13. Suppose -q*r + 360 = -r. Does 30 divide r?
True
Let m(n) = 8*n + 46. Let r = 0 - 7. Let o(i) = -7*i - 45. Let b(q) = r*o(q) - 6*m(q). Is 14 a factor of b(0)?
False
Let t = -2 + 28. Let a = -5 + t. Does 8 divide 3/7 + 327/a?
True
Let t(d) = -3*d**3 + 8*d**2 + d + 30. Let k be t(-11). Is k/42 - 9/(-21) a multiple of 17?
True
Let l be (-1 - 3) + -43 + 1. Let c = l - -84. Does 38 divide c?
True
Suppose -2*u - h + 15 = -0*h, -5*h = 3*u - 40. Let y = -2 + u. Is 35 a factor of y*4/(-12) - -134?
False
Suppose 0 = -2*j - 2*k + 890, 13*j + 880 = 15*j - 3*k. Is 10 a factor of j?
False
Let s = 23 - 21. Suppose 3*i + 80 = -s*i. Is 95 - (-9)/((-36)/i) a multiple of 33?
True
Suppose -5*o + 172 = -163. Let n = o - -5. Does 12 divide n?
True
Let g(v) = 14*v - 35. Let a(j) = -j + 15. Let u be a(8). Is 21 a factor of g(u)?
True
Suppose v - 7 = r + 3*v, 2*v = -10. Is 33 a factor of 64 + (-4)/(r - 5)?
True
Let i be (-1)/(-2)*-6 - -10. Suppose 0 = -6*f + i*f - 40. Is f a multiple of 20?
True
Let g(i) = -i + 171. Is g(-21) a multiple of 16?
True
Let q be ((-29)/3)/(6/18) - 1. Let b = q - -119. Is 15 a factor of b?
False
Let r(i) = 5*i**3 - 2*i**2 - i - 1. Let y = 7 - 5. Let t be (-64)/(-28) + y/(-7). Is 12 a factor of r(t)?
False
Let d(s) = -37*s - 22. Let n be d(-13). Suppose 0 = 2*w - 5*w + 2*r + 339, 0 = -4*w + 5*r + n. Does 27 divide w?
False
Suppose 3*y = 6, 2*i - 144 = -0*i - y. Let j = 94 - i. Does 3 divide j?
False
Let h(w) = -w + 6. Let l be (0/(2/1))/1. Let i be h(l). Let f = i - -16. Is f a multiple of 11?
True
Let g be 2 + (-294)/15 + 12/(-30). Let a = g + 51. Does 4 divide a?
False
Let k = 464 - -44. Is k a multiple of 7?
False
Is 25 a factor of 2546/6 + (-6 - 100/(-15))?
True
Let n be (-11 + 3)/(0 + (-1 - -2)). Let l = 87 + -59. Let y = l + n. Is y a multiple of 3?
False
Let l = 52 + -11. Suppose 4*k - l = 47. Is 3 a factor of k?
False
Let i(g) be the first derivative of g**4/4 + 5*g**3 + 15*g - 207. Let x be ((-45)/(-12))/((-1)/4). Is i(x) a multiple of 8?
False
Suppose -8*r + 14 = -2. Suppose 0 = b + r*b - 12, 2*i - 4*b - 270 = 0. Does 28 divide i?
False
Does 3 divide 13 - (-3)/(8/((-96)/9))?
True
Let a(l) = l**2 - 17*l + 39. Is 3 a factor of a(15)?
True
Let v(y) = -4*y + 4*y - y**3 - 17 - 6*y**2. Suppose 4*h - 8*h = 28. Does 11 divide v(h)?
False
Let o(z) = -2*z**3 + 4*z**2 - 8*z + 14. Let f be o(3). Is (-2 + -3 + 2)/(2/f) a multiple of 42?
True
Let a(i) = -i**3 - 9*i**2 + 10*i + 1. Let s be a(-10). Suppose 2*b + 2*b + 2*r + 402 = 0, -r = s. Let w = 157 + b. Does 16 divide w?
False
Suppose -4*u + 13 = -311. Let s = 126 - u. Does 9 divide s?
True
Suppose -24934 = -231*v + 218*v. Does 53 divide v?
False
Let j(k) = 304*k - 17. Is 9 a factor of j(1)?
False
Let y(j) = j**2 + 27*j + 20. Is 24 a factor of y(-28)?
True
Suppose -4*y - 4*m = -7484, y - 5*m + 7*m = 1866. Is y a multiple of 28?
True
Suppose -3*d = -d - 4*c - 604, 885 = 3*d + c. Suppose 1 = 5*j - 4, d = 4*w + 4*j. Suppose z - 15 = -3*h, -5*z - 2*h + 15 = -w. Does 9 divide z?
True
Let o = -203 + 248. Does 9 divide o?
True
Let q(w) = 3*w**2 - 6*w - 27. Is 5 a factor of q(14)?
False
Let s = -10 - -13. Suppose -4*q = -s*q - 5. Suppose 0 = -q*g - 0*g + 90. Is g a multiple of 9?
True
Let k be (137 - -3) + 2 + -3 + -3. Suppose -3*w + k = 2*c, c - 2*c = 1. Does 23 divide w?
True
Let a(f) = f**3 + 3*f**2 - 2*f + 8. Let q be a(-4). Is (-1)/1 + q - -2 - -51 a multiple of 13?
True
Let p(m) be the second derivative of -3*m**3/2 + 2*m**2 - 4*m. Is p(-4) a multiple of 8?
True
Let d(f) = f**3 + 12*f**2 + 12*f - 2. Let t be d(-11). Let k = 16 - t. Let h = k - 21. Is h a multiple of 2?
True
Let q(g) = -g**2 + 7*g + 15. Let h be q(8). Suppose -57 = -h*l + 223. Is 8 a factor of l?
True
Suppose -14*g - 233 = -3*n - 15*g, -3*g + 243 = 3*n. Is n a multiple of 76?
True
Let n = -630 + 730. Is n a multiple of 20?
True
Let f(z) = -9*z - 214. Does 10 divide f(-33)?
False
Let t be ((-2)/(-1))/((-9)/(-54)). Suppose -4*x + t = -0. Suppose 3*m = -m + j + 369, -x*m + 283 